5726027 a prime number?
False
Is 10743098789 prime?
True
Is 6102217973 prime?
False
Is 258797565641 prime?
True
Is 13011127313 prime?
False
Is 15637215161 a composite number?
False
Is 2137925407 composite?
False
Is 2258360147 composite?
False
Is 4261064141 a prime number?
True
Is 4722299837 a composite number?
False
Is 66951004031 a composite number?
False
Is 1787050417 composite?
True
Is 9148087163 composite?
True
Is 21246053 a prime number?
True
Is 4875846343 prime?
False
Is 135224039 prime?
True
Is 662912833 prime?
False
Is 963350743 a composite number?
True
Is 114524567021 a prime number?
True
Is 680389873 composite?
True
Is 6795327211 a prime number?
True
Is 56008628197 a composite number?
True
Is 329090297 prime?
True
Is 7444379329 prime?
True
Is 399672869 prime?
True
Is 51276991 a prime number?
False
Is 769522801 a prime number?
False
Is 214460711 prime?
False
Is 42901808501 a prime number?
True
Is 25106081239 composite?
False
Is 264383563 prime?
True
Is 178819579 a composite number?
True
Is 35279528227 a prime number?
True
Is 22633260311 prime?
False
Is 81848886809 a prime number?
True
Is 19709303591 a composite number?
True
Is 543677089 a prime number?
True
Is 1918359731 composite?
True
Is 22844757679 composite?
False
Is 116833939291 composite?
False
Is 1184012773 a composite number?
True
Is 1075421951 a composite number?
False
Is 4551191 prime?
True
Is 9596535499 composite?
True
Is 7958598041 composite?
False
Is 43140281 prime?
True
Is 2653683617 composite?
True
Is 1239104903 prime?
False
Is 15727323533 a composite number?
True
Is 276943561 prime?
False
Is 31440048883 prime?
True
Is 37891839431 a composite number?
True
Is 1411858771 a prime number?
True
Is 3935309113 prime?
False
Is 1231983395 a prime number?
False
Is 41241349 a prime number?
False
Is 21616554977 a composite number?
True
Is 12006716521 prime?
True
Is 5372745643 a prime number?
True
Is 11653933957 a prime number?
True
Is 2092310338 a prime number?
False
Is 11895665147 composite?
True
Is 99158843435 a composite number?
True
Is 61586908331 a prime number?
False
Is 7621311011 composite?
False
Is 2896597826 composite?
True
Is 294281412199 a prime number?
False
Is 4591690813 a composite number?
True
Is 7318906919 composite?
False
Is 220235600147 composite?
False
Is 123635208293 composite?
False
Is 4991195831 composite?
False
Is 23591138293 a prime number?
False
Is 11053096289 composite?
False
Is 709829833 a prime number?
True
Is 607870903 prime?
True
Is 3358860059 prime?
False
Is 2844655507 a prime number?
False
Is 15025670909 composite?
False
Is 1956755509 a composite number?
False
Is 146338613507 a composite number?
False
Is 680675189 a prime number?
False
Is 1338225887 prime?
False
Is 38355526511 a prime number?
False
Is 16308359 a composite number?
False
Is 94798586534 prime?
False
Is 5811783947 composite?
True
Is 26655993499 prime?
True
Is 22896304329 prime?
False
Is 8492510461 prime?
False
Is 133169473 a prime number?
True
Is 490825903 a prime number?
False
Is 777965491 composite?
True
Is 1030251317 a composite number?
True
Is 427899205439 composite?
False
Is 704148839 a prime number?
False
Is 13683587531 prime?
True
Is 938721209 a prime number?
True
Is 54924485906 composite?
True
Is 3875569109 a prime number?
False
Is 51670372499 a composite number?
False
Is 167204209 a composite number?
True
Is 11774174219 a composite number?
False
Is 996875137 a prime number?
True
Is 28624734043 a composite number?
False
Is 623194979 a composite number?
True
Is 47465797 prime?
True
Is 98621939147 a prime number?
False
Is 718602062 a composite number?
True
Is 62395266491 composite?
True
Is 52590579737 a composite number?
True
Is 74684363941 a composite number?
True
Is 4128210739 a composite number?
False
Is 294338635 a prime number?
False
Is 2941392383 prime?
True
Is 1091748971 composite?
False
Is 900751541 a prime number?
True
Is 528452227 a prime number?
True
Is 9329512343 composite?
True
Is 110742312143 prime?
True
Is 11452975643 composite?
False
Is 29858862823 a composite number?
True
Is 280184519 composite?
False
Is 15492795443 prime?
True
Is 613430791 composite?
False
Is 44641804633 prime?
True
Is 9103626001 prime?
False
Is 75106721 composite?
True
Is 2426642819 composite?
False
Is 1585612673 a composite number?
False
Is 917522117 composite?
False
Is 42304324042 a composite number?
True
Is 16871650513 a prime number?
True
Is 8433696371 a composite number?
True
Is 18618496733 composite?
False
Is 116439680923 prime?
False
Is 9446989 a prime number?
True
Is 249104729 prime?
True
Is 600432401 prime?
False
Is 5283614227 prime?
False
Is 320415437 a prime number?
False
Is 9040825531 a composite number?
False
Is 67156687893 prime?
False
Is 344727353 prime?
False
Is 7288635383 a composite number?
False
Is 2001011413 a prime number?
False
Is 784500641 a composite number?
True
Is 21822949697 prime?
True
Is 18842055149 a prime number?
True
Is 59936034559 a composite number?
True
Is 2791966 a composite number?
True
Is 984852179 a composite number?
False
Is 21748283 prime?
False
Is 49913837 a prime number?
True
Is 31580008591 a prime number?
False
Is 1586778569 a composite number?
False
Is 2463336451 a composite number?
True
Is 367582769 prime?
False
Is 481136879 a composite number?
False
Is 41665096327 a composite number?
False
Is 3245140847 a composite number?
True
Is 80781947 a prime number?
False
Is 10230484753 composite?
True
Is 3332036399 composite?
False
Is 14159595679 a composite number?
True
Is 40652407637 a composite number?
False
Is 202159583 composite?
False
Is 34915500277 prime?
False
Is 1222664713 a prime number?
False
Is 109600123259 prime?
False
Is 795976957 a composite number?
True
Is 17052264283 composite?
True
Is 585263687 a composite number?
False
Is 72221135757 composite?
True
Is 217161907 a prime number?
False
Is 32232443 composite?
False
Is 1000290271 a prime number?
True
Is 1050366847 a composite number?
True
Is 77149057 a prime number?
True
Is 468249973 composite?
True
Is 66494893 composite?
False
Is 50857436783 a prime number?
False
Is 589593373 a prime number?
True
Is 2656948703 a prime number?
False
Is 13008140177 prime?
True
Is 4216796137 composite?
False
Is 46130886337 prime?
False
Is 45639013913 a prime number?
True
Is 587174257 composite?
False
Is 1340487877 prime?
True
Is 66342257 a prime number?
True
Is 519746677 prime?
True
Is 8304997937 a prime number?
False
Is 1389191333 prime?
False
Is 7228997837 a composite number?
False
Is 8195279903 a prime number?
False
Is 162535493 a composite number?
False
Is 306587741 a composite number?
True
Is 79840775243 a composite number?
False
Is 8561074069 prime?
False
Is 7959147949 a composite number?
False
Is 32438887331 composite?
True
Is 5237831047 prime?
True
Is 71007375979 a prime number?
False
Is 58385859349 composite?
False
Is 614179849 prime?
True
Is 3924651421 composite?
True
Is 4304775191 a composite number?
False
Is 19282981213 prime?
True
Is 413984359 a composite number?
False
Is 61954053347 prime?
True
Is 669072863 composite?
False
Is 29256578609 a composite number?
False
Is 412674797 a prime number?
True
Is 3405496603 a prime number?
True
Is 4029842461 a prime number?
False
Is 6482108302 prime?
False
Is 5211803279 prime?
False
Is 205780567 a prime number?
True
Is 129360771143 composite?
True
Is 26847656977 a prime number?
True
Is 1178912591 composite?
False
Is 1634475883 a prime number?
True
Is 2470309087 composite?
True
Is 177977159 prime?
False
Is 7141157741 prime?
True
Is 26969338457 prime?
True
Is 57739601 a prime number?
True
Is 89875598971 prime?
True
Is 37716144839 prime?
False
Is 410715727 composite?
False
Is 1133559142 a composite number?
True
Is 2282615431 composite?
False
Is 6822076097 composite?
False
Is 3837255482 composite?
True
Is 262845887 prime?
False
Is 32671877927 a prime number?
False
Is 7100106953 a composite number?
False
Is 279549179327 a composite number?
True
Is 1161430477 composite?
False
Is 4759658117 a composite number?
False
Is 12099690439 prime?
True
Is 100426369 prime?
True
Is 608230495 a composite number?
True
Is 2628769139 composite?
False
Is 11928758287 composite?
False
Is 29254658999 a prime number?
True
Is 751513687 a prime number?
False
Is 26041760269 a composite nu